116
Calculate the highest common divisor of 521 and 1719821.
521
Calculate the highest common divisor of 2618 and 5474.
238
Calculate the highest common divisor of 4773 and 1677.
129
Calculate the highest common divisor of 26604 and 2124.
36
Calculate the greatest common divisor of 43456 and 1568.
224
Calculate the highest common divisor of 250 and 10450.
50
Calculate the greatest common divisor of 310879 and 17.
17
Calculate the highest common factor of 525 and 467285.
35
Calculate the greatest common factor of 2331 and 810855.
333
Calculate the highest common factor of 15 and 60015.
15
What is the highest common divisor of 13116 and 9?
3
What is the greatest common divisor of 451386 and 90?
18
What is the greatest common factor of 582 and 30458?
194
What is the highest common factor of 3426 and 192?
6
Calculate the greatest common factor of 316 and 114629.
79
What is the greatest common factor of 1195 and 3365?
5
Calculate the greatest common factor of 12 and 539208.
12
What is the greatest common factor of 310 and 880?
10
What is the greatest common factor of 84 and 47964?
84
Calculate the greatest common factor of 1435 and 128125.
205
Calculate the highest common divisor of 8825 and 175.
25
Calculate the greatest common factor of 11524 and 2580.
172
Calculate the highest common divisor of 139302 and 36.
18
What is the greatest common factor of 66900 and 1350?
150
Calculate the greatest common divisor of 2432 and 27056.
304
Calculate the greatest common divisor of 2483 and 299.
13
Calculate the greatest common divisor of 216 and 2538.
54
Calculate the greatest common factor of 646 and 8474.
38
Calculate the highest common divisor of 5222613 and 33.
33
What is the greatest common factor of 48627 and 81?
27
What is the highest common divisor of 8 and 144328?
8
Calculate the greatest common divisor of 30 and 174120.
30
What is the greatest common factor of 6564 and 33240?
12
What is the greatest common factor of 258545 and 14?
7
What is the highest common factor of 209058 and 2?
2
Calculate the greatest common divisor of 46 and 79166.
46
What is the highest common divisor of 143684 and 124?
4
What is the greatest common factor of 2821 and 19964?
217
What is the highest common divisor of 1 and 8017?
1
Calculate the highest common factor of 49238 and 28.
14
Calculate the greatest common divisor of 4116207 and 278.
139
Calculate the greatest common factor of 51 and 1255858.
17
What is the greatest common factor of 13386 and 1334?
46
What is the highest common factor of 27269 and 98758?
737
Calculate the highest common factor of 77961 and 24.
3
Calculate the greatest common divisor of 221 and 16991.
13
What is the greatest common divisor of 50 and 485125?
25
Calculate the greatest common divisor of 22038 and 12.
6
What is the highest common divisor of 342 and 10032?
114
What is the greatest common divisor of 285 and 1165?
5
What is the greatest common divisor of 64 and 1223536?
16
What is the highest common divisor of 10 and 38394?
2
What is the highest common factor of 24 and 376884?
12
Calculate the highest common factor of 92160 and 45.
45
Calculate the greatest common divisor of 258 and 4300.
86
Calculate the greatest common divisor of 110659 and 82.
41
Calculate the greatest common factor of 23057 and 16.
1
Calculate the greatest common factor of 34 and 76177.
17
What is the highest common factor of 319371 and 13?
13
Calculate the greatest common factor of 73485 and 10721.
71
What is the greatest common factor of 5801832 and 72?
72
Calculate the highest common divisor of 7803 and 99.
9
Calculate the highest common divisor of 87 and 696.
87
Calculate the highest common factor of 13 and 126061.
13
Calculate the greatest common divisor of 186109 and 231.
77
Calculate the highest common factor of 454 and 13847.
227
Calculate the greatest common factor of 34776 and 1134.
378
Calculate the highest common divisor of 5747686 and 7.
7
What is the highest common factor of 6848 and 12412?
428
Calculate the highest common divisor of 1566 and 11803.
29
Calculate the greatest common factor of 36008 and 28.
28
What is the highest common factor of 31770 and 144?
18
Calculate the greatest common factor of 3250 and 41000.
250
Calculate the highest common divisor of 86 and 686.
2
Calculate the highest common factor of 240 and 23856.
48
Calculate the greatest common divisor of 265051 and 1195.
239
Calculate the greatest common divisor of 295 and 944.
59
What is the greatest common factor of 8030 and 14746?
146
What is the highest common divisor of 15850 and 40?
10
Calculate the greatest common divisor of 32046 and 441.
147
Calculate the greatest common factor of 195 and 10830.
15
What is the highest common factor of 1518166 and 52?
26
What is the greatest common divisor of 19 and 642143?
19
What is the greatest common divisor of 5264845 and 515?
515
Calculate the highest common factor of 80 and 11560.
40
Calculate the highest common factor of 16827 and 1491.
213
Calculate the highest common factor of 10376 and 512.
8
What is the highest common divisor of 2275559 and 286?
143
What is the highest common divisor of 822 and 269205?
411
What is the greatest common factor of 16 and 23024?
16
What is the highest common divisor of 13414 and 532?
38
What is the greatest common divisor of 101358 and 702?
54
What is the highest common factor of 744536 and 208?
104
Calculate the greatest common divisor of 15102 and 306.
18
Calculate the greatest common divisor of 12328 and 1608.
536
Calculate the greatest common divisor of 4261531 and 827.
827
Calculate the highest common divisor of 368835 and 67.
67
Calculate the greatest common factor of 280 and 349608.
56
Calculate the greatest common factor of 37752 and 312.
312
Calculate the greatest common divisor of 867455 and 15.
5
Calculate the greatest common divisor of 37479 and 8736.
39
What is the greatest common divisor of 612 and 35412?
12
What is the greatest common divisor of 30 and 210642?
6
What is the greatest common factor of 52395 and 150?
15
Calculate the greatest common factor of 183910 and 2650.
530
What is the highest common divisor of 1127 and 5451?
23
Calculate the greatest common divisor of 1017674 and 1852.
926
Calculate the highest common factor of 57 and 1739469.
57
Calculate the greatest common divisor of 10270 and 4810.
130
Calculate the greatest common factor of 1672 and 5258.
22
Calculate the greatest common factor of 700350 and 336.
42
What is the highest common divisor of 3182 and 159702?
86
Calculate the greatest common factor of 307047 and 39.
39
What is the highest common factor of 7953145 and 103?
103
Calculate the highest common factor of 17220 and 4.
4
What is the greatest common factor of 7491297 and 11?
11
What is the highest common divisor of 25650 and 874?
38
What is the highest common divisor of 1390 and 2716755?
695
Calculate the highest common factor of 12441 and 15.
3
What is the greatest common factor of 10808 and 232?
8
Calculate the greatest common divisor of 958004 and 185.
37
Calculate the greatest common divisor of 143065 and 1235.
65
Calculate the highest common factor of 44 and 37596.
4
What is the highest common factor of 121877 and 147?
7
What is the greatest common divisor of 96 and 461040?
48
What is the highest common divisor of 438674 and 27217?
1601
What is the greatest common factor of 230 and 330?
10
Calculate the greatest common factor of 798 and 1748.
38
Calculate the greatest common factor of 198 and 75339.
99
What is the highest common divisor of 424 and 2279?
53
Calculate the greatest common divisor of 15966 and 234.
18
Calculate the highest common factor of 146 and 1825.
73
Calculate the greatest common divisor of 30 and 9735.
15
Calculate the greatest common divisor of 84 and 3057.
3
What is the greatest common factor of 56 and 3755080?
56
Calculate the highest common divisor of 586 and 51275.
293
What is the highest common factor of 3135 and 79002?
627
What is the greatest common factor of 295372 and 411?
137
Calculate the greatest common factor of 4333301 and 13769.
1967
Calculate the highest common factor of 457252 and 316.
316
Calculate the greatest common factor of 2882316 and 71.
71
Calculate the highest common factor of 200 and 435040.
40
What is the gre